
Suppose -13*h + 12*h = -4*a - 1316, -987 = 3*a + 2*h. What are the prime factors of 94/a + (6028/14)/2?
5, 43
Suppose -5*f + y = 42 + 242, -2*f + 3*y - 111 = 0. Let h = 86 + f. List the prime factors of h.
29
Let a = 153 - 164. Let b(t) be the first derivative of -23*t**2/2 - 36*t - 7. What are the prime factors of b(a)?
7, 31
Suppose -2*y - 91 = -81. List the prime factors of (-788)/y - -3*9/(-45).
157
Let l(j) = -j**2 + 6*j - 7. Let z be l(3). Suppose 6*d = -4*c + z*d + 460, 3*c - 5*d - 305 = 0. List the prime factors of c.
2, 5, 11
Suppose 4*a - 3*a = 9*a. List the prime factors of -8 - (-7 + a) - (-583 - 1).
11, 53
Let t(j) = -j**3 + 61*j**2 - 57*j + 160. List the prime factors of t(56).
2, 3, 17, 31
Let p(m) = 311*m + 15. Let y = -232 + 234. List the prime factors of p(y).
7, 13
What are the prime factors of 3 - 4 - 2 - (-5649 - 67)?
29, 197
Suppose -4*q = 5*w - 6*w + 3229, 4*q + 16129 = 5*w. List the prime factors of w.
3, 5, 43
Let q = 394 - 3579. Let b = q - -4472. What are the prime factors of b?
3, 11, 13
Suppose -33*w - 75 = -19*w - 131. Let a = -9 + 31. Suppose -5*u - 7 = -a, -306 = -2*g + w*u. What are the prime factors of g?
3, 53
Let z(s) = -3*s - 3 - s + 5 + 2*s. Let j be z(6). List the prime factors of ((-12)/j)/(12/80).
2
Let x(b) = -7*b**3 + 13*b**2 + 5*b + 23. Let n(h) = 6*h**3 - 13*h**2 - 6*h - 23. Let f(y) = -6*n(y) - 5*x(y). List the prime factors of f(8).
431
What are the prime factors of (-6)/16 + 1/((-8)/(-66067))?
2, 4129
Let k(f) = 4810*f + 1095. What are the prime factors of k(10)?
5, 9839
Let z = 57712 + -36354. List the prime factors of z.
2, 59, 181
Suppose -4899 + 209 = -n + 5558. What are the prime factors of n?
2, 3, 7, 61
Let j(l) = 958*l - 2474. What are the prime factors of j(11)?
2, 3, 7
Let q(d) = d**3 - d**2 - 3*d + 5. Let b be q(5). Suppose b - 16 = -f. What are the prime factors of f*(-1)/(-6)*-3?
37
Let n = -11473 - -32094. Suppose -41*m + n = -17222. List the prime factors of m.
13, 71
Suppose 15*j - 21*j - 921672 = -33*j. List the prime factors of j.
2, 17, 251
Let r be (-1342)/33 + -3*(-4)/18. Let q = r + 38. What are the prime factors of (6/(-8) - 1)/(q/112)?
2, 7
Suppose 69*i = -5*i + 193806. What are the prime factors of i?
3, 97
Let u = 77 + -86. Let o = u + 12. Suppose v - o*m = 53 + 40, v - 5*m - 89 = 0. What are the prime factors of v?
3, 11
Let c(u) = -26*u - 27*u + 14*u + 134 - 13*u. What are the prime factors of c(-21)?
2, 613
Suppose -16*i = -13*i + 166482. List the prime factors of 9/(-12) - i/72.
2, 5, 7, 11
Suppose -55 = 4*z - 147. Suppose 2*q = -22*b + z*b - 534, -3*q + 509 = b. List the prime factors of b.
2, 131
Suppose -92*h = -15*h - 4374293. What are the prime factors of h?
56809
Let n be (-24)/21 + 1152/126. Let j = 685 + -335. Suppose 13*x = n*x + j. List the prime factors of x.
2, 5, 7
Let b(h) = h**3 - h**2 + 22 - h + 3*h + h**2 - 4*h**2. Let s be b(9). Suppose -r = 5*x - 64, 4*r - 4*x - s = -165. List the prime factors of r.
3, 23
Suppose 8*k - 12*k + 12 = 0. Let i be (-267)/(-2) + 4/8. Suppose -k*v + i = -73. List the prime factors of v.
3, 23
Let m = -27 - -25. Let a be (-420)/10*m/6. Let h(o) = -o**3 + 15*o**2 - 12*o - 7. List the prime factors of h(a).
3, 7
Let c be 10/(-75) - 186/(-45). Suppose -2*k - 10 = -4*k - c*r, -5 = -k + 4*r. Suppose -4*b + 5*b - k*t - 66 = 0, 2*b - 132 = t. What are the prime factors of b?
2, 3, 11
Let x = -377 + 654. Suppose -x - 157 = -7*v. What are the prime factors of v?
2, 31
Suppose 2525 = 5*w + 3*s - s, 3*s = 15. Suppose 5*d = 32 + w. Suppose 0 = 5*t - d + 17. What are the prime factors of t?
2, 3
List the prime factors of (-4 - -6)*(2/(-9) + 208125/162).
7, 367
Suppose -87*n = -86*n - 653. Let w = n - -12. What are the prime factors of w?
5, 7, 19
Suppose 31*n - 11993 = 5491. List the prime factors of n.
2, 3, 47
Let l = 7 + -7. Suppose l = -11*a + 8*a - 162. What are the prime factors of ((-1 + 2)*1)/((-9)/a)?
2, 3
Let v be -140*((-1)/(-2) - (16 + -14)). Suppose -9*i + 105 + v = 0. What are the prime factors of i?
5, 7
Suppose -982*g + 974*g + 94409 + 6615 = 0. What are the prime factors of g?
2, 7, 11, 41
Suppose -490 = 120*u - 2890. Let y(z) = -4*z + 9 + 0 + 8*z. What are the prime factors of y(u)?
89
Suppose -1479 = 6*w - 309. Let f = w + 1694. List the prime factors of f.
1499
Suppose 2*w = -5*h + 8753, 0 = -76*w + 77*w - 3*h - 4349. What are the prime factors of w?
2, 1091
Let h = 14 - 7. Suppose 0 = 3*b - g - 142, 5*b + 3*g - 294 = -48. Suppose b = -h*v + 293. What are the prime factors of v?
5, 7
Let n = -18 + 39. Let y = 501 - n. Suppose -y = -6*g - 138. What are the prime factors of g?
3, 19
What are the prime factors of ((-1728)/(-576))/((-1)/(-31379))?
3, 31379
Let a(l) = -2*l**3 + 244*l**2 - 118*l - 1147. What are the prime factors of a(121)?
3, 31, 149
Let o(b) = 27*b**3 - 4*b**2 + 3*b + 13. Let u be o(4). Suppose 15*j + u - 16104 = 0. List the prime factors of j.
31
Let h(q) = q**2 + 11*q + 33. Let d be h(-4). Suppose -33*o + d*o = -26348. List the prime factors of o.
941
Suppose 154*i - 1855340 = 672878. List the prime factors of i.
16417
Suppose 249*h = 217*h + 280384. What are the prime factors of h?
2, 13, 337
Suppose 0 = -3*w - w - 4. Let r(t) = t - 19867 + 0*t + 6*t**2 + 19869. What are the prime factors of r(w)?
7
What are the prime factors of 10719 + 5 + (-10)/((-10)/7)?
3, 7, 73
Let u(a) = 15*a**2 + 36*a - 95. List the prime factors of u(24).
97
Suppose 23*q - 62905 = 780574. List the prime factors of q.
7, 13, 31
Let a(p) = -182*p - 49. Let v be a(-5). Suppose -30*f = -5931 + v. List the prime factors of f.
13
Let o(j) = 2*j**2 - 61*j - 20. Let s(a) = 3*a - 74. Let u be s(39). List the prime factors of o(u).
5, 211
Let f = -113 - -191. Suppose f*t = 81*t - 93. What are the prime factors of t?
31
Let v(b) = -7*b**3 + 2*b**2 + 2*b + 1. Let g be v(-1). Let o = 1334 - 1040. Suppose 11*w - o = g*w. What are the prime factors of w?
2, 7
Suppose -1785*n = -1778*n - 70343. List the prime factors of n.
13, 773
Suppose -16*l + 7*g + 116246 = -12*l, 2*l + 2*g - 58112 = 0. List the prime factors of l.
2, 3, 29, 167
Let s(l) = -3*l**3 + 16*l - 7. Suppose 2*a + 15 = -b, 2*b - 4*a = b + 9. What are the prime factors of s(b)?
2, 5, 7, 13
Suppose -2*o + 14 = -4*j, 2*o + 3*j = -0*o. List the prime factors of 1 - (-226 + (-3 + 0)/o).
2, 3, 19
Suppose -130*h + 58*h = -58*h - 159432. List the prime factors of h.
2, 3, 13, 73
Suppose -5*g - 3*i + 2890 = 0, -5*g + 2*i = -2*i - 2925. Let v = g + -319. Let y = v + -69. What are the prime factors of y?
193
Suppose 45800 = 4*s + 4*j, 2*j = 22*s - 23*s + 11455. What are the prime factors of s?
3, 5, 7, 109
Let t(f) = f**3 + f**2 + 10*f + 10202. List the prime factors of t(0).
2, 5101
Let t = -13043 - -25878. What are the prime factors of t?
5, 17, 151
Suppose 0 = -10*c + c + 2943. List the prime factors of c.
3, 109
Suppose t = -1126*l + 1127*l + 4480, -13442 = -3*t + l. What are the prime factors of t?
4481
Let q(r) be the first derivative of r**3/3 + r**2 - 6*r - 18. Let o be q(7). List the prime factors of o/((-39)/52*2/(-3)).
2, 3, 19
Suppose g + 3*n = 5*g - 68, -116 = -5*g - 4*n. Suppose 0 = w + 4*w - g. List the prime factors of (-64)/w*(-54)/8.
2, 3
Let c(b) = -b**2 - 10*b - 16. Let o be c(-3). Suppose -14*i + o*u = -11*i - 1346, 2*i = -u + 919. What are the prime factors of i?
457
Suppose 5*t + 66918 = -5*o + 231583, -2*t + 65908 = -4*o. What are the prime factors of t?
2, 3, 5, 61
Suppose -654*f + 183855 = -647*f. List the prime factors of f.
3, 5, 17, 103
Suppose -1520 = -19*f + 14*f. Let x = f - 159. Let z = x + -31. What are the prime factors of z?
2, 3, 19
Let h(q) = 3*q - 2. Let z be h(1). Let y be 4/2 + (z - -1142). Suppose -305 = 5*p - y. List the prime factors of p.
2, 3, 7
Let g(m) = 6272*m**2 - 276*m + 801. List the prime factors of g(3).
3, 6269
Let z be 6 - ((-3)/12 - 13/(-4)). Suppose -z*r + 1061 - 89 = 0. What are the prime factors of r?
2, 3
Let a(k) = -k**3 + 10*k**2 + k. Let z be 4*5*(-9)/(-18). Let p be a(z). List the prime factors of 4*-1*(-155)/p.
2, 31
Let q = 12410 + -1782. List the prime factors of q.
2, 2657
Suppose 3*r - 7312 = -1249*h + 1250*h, 2*r - 4877 = 3*h. List the prime factors of r.
2437
Suppose -63 = -3*r + 3*q, -q = 4*q + 10. Let d(w) = 1